
What is the value of -33 - (9 - ((13 - -3) + (28 - 38)))?
-36
(11 + -48 - 0) + 49
12
What is the value of -25 + -357 + 381 + (65 + 1 - 1)?
64
What is -4 + -56 - (-2133 - -2161)?
-88
-956 - -869 - (-72 + -4)
-11
-72 + 61 - (-4 - 12) - (-2 + -43)
50
(-14 - (-3 + 5 - (-49 - -69))) + -37 + 0
-33
Calculate 23 + (-25 + 7 - -33).
38
Calculate -37 - ((-140 - -127) + (6 - -1) + 0 + 10).
-41
(-8 - -23) + -36 + 45 + -12
12
Calculate 0 + (22 - -1) - (-1798 + 1869).
-48
Evaluate (-15 - 1) + 27 + (-14 - 10) + -14.
-27
Calculate -107 + -45 + 127 - -168.
143
73 - 11 - -9 - 175
-104
What is 1 - ((-2 + -2 - 0) + -9) - (16 + -53)?
51
What is 106 - 1 - (-24 - (-19 - -3) - -18)?
95
What is 36 - (72 - 69) - -20?
53
What is the value of -2 + 44 - (2426 - 2359)?
-25
-723 + 688 + (-2 - 12 - -3 - 0)
-46
-9 + (-8 - (-3 - -1 - (-11 + 55 - -10)))
39
475 + -474 + (2 - 2) + 0 + -14
-13
-596 + 580 - (-1 + -62)
47
What is the value of (25 - 8) + -35 + 2 - -16?
0
What is (-1 - -16) + 18 + (-35 - -53)?
51
Calculate -43 + 20 + (35 - 62).
-50
Evaluate 1 - (-37 + (1 - (2 + 10)) + 342 + -337).
44
What is -18 + (-31 - 3 - -21) + -19?
-50
Evaluate ((-25 - -35) + 15 - 42) + -33.
-50
Calculate (-28 - 62 - -116) + 23.
49
Evaluate -86 + (3 - 33) + (1 - -5) + 0 + 2.
-108
12 + (12 - (-72 + (-20 - -11) + 16))
89
What is 3 + -1 + -2 + 14 + -11 + 5 - -7?
15
Evaluate (-3 - -53) + (-74 - -103) - 14.
65
What is -104 - (9 + 21 - 84)?
-50
Evaluate 103 - (61 - 27) - 49.
20
Evaluate -12 - (11 + -19 + -61 + 13).
44
Calculate (30 - 27) + -9 - (-3 + 2 - 0).
-5
Calculate (0 - -2 - -41) + 1847 + -1858.
32
What is -37 + (-5 - 1) + (10 + 1 - (34 - 28))?
-38
Calculate 66 - (58 + -38 + 21).
25
Calculate -8 - 1 - ((-52 - 7 - -8) + -7).
49
What is the value of (28 - -14) + -2 + (-35 - -43)?
48
(33 + -2 + -19 - (2 + 29)) + 5 - -4
-10
What is -25 + (-16 + (6 - -1) - -7 - (4 - 10))?
-21
(-95 + 65 - 4) + -24
-58
(-5 + 12 + 1 - 6) + (-2 - (-3 + 11))
-8
What is 3 + 2 + (3 + 48 - -3 - 16)?
43
Evaluate (91 - 63 - -32) + -21.
39
-3 + (-12 + 2 + 19 - 9)
-3
Evaluate 15 + -40 + 0 + 19 + -3 + (12 - 17).
-14
Calculate 31 + -2 - (4700 - 4678).
7
-186 - (10 - 95) - (-2 - 7)
-92
Calculate -37 + 46 + (-47 - -137).
99
(0 - (-31 + 1)) + (-680 - -535)
-115
Evaluate -51 - (-167 + 47) - 44.
25
(-216 - -201 - (3 - 15 - 0)) + 1 + -86
-88
Calculate -10 - (2 + -2 + 1) - (8716 + -8645).
-82
What is the value of 13 - ((-4 + 0 - 8) + (30 - -14))?
-19
What is -94 + 94 + 6 + 0 + 35?
41
Evaluate -93 + 12 - -12 - (-11 - -36).
-94
10 - ((-28 - (13 + -33)) + 92 + -10 + 5)
-69
What is 360 - 367 - (5 - (-4 - -24 - -5)) - 7?
6
Evaluate -78 + (42 + -77 - -67 - 58).
-104
What is the value of ((12 + -18 - -5) + (2 - -5) - 67) + 7?
-54
What is -139 + 132 + 19 + 1 + (8 - 126) + -1?
-106
Evaluate (5 - (4 + 3 + 5)) + 48 + -2.
39
Evaluate (1 - 8 - (-38 + 35 - (-7 - 3))) + -1.
-15
Calculate 0 + (14 - 18) + -17 + -13.
-34
What is 3 - 4 - (-37 + -4 - -47)?
-7
5 - (20 - (6 + (3 - 7)) - 10)
-3
What is -16 + (-16 - -4 - -11) - -17 - (49 - -1)?
-50
Calculate 17 - (-6 - (1 - -18)).
42
Calculate -4 + 2 + -26 - (40 + -18 + (-26 - -4)).
-28
Evaluate (-17 - -5) + (-26 + -2 - -2 - (-2464 - -2467)).
-41
What is the value of (-144 - -99) + (13 - ((3 - -3) + -4))?
-34
Evaluate 282 - 266 - (-2 - 2 - 1) - 11.
10
7 + (-35 - (54 + -51))
-31
-4 + -77 - (234 - 271)
-44
-65 + (-1 + -10 + -2 + -23 + 33 - -14)
-54
Evaluate (0 + -9 - -51) + 0.
42
What is the value of 25 + (49 - 74) + -31?
-31
Calculate (-56 - -1) + (1 - 1) + -9 + 385 + -374.
-53
35 + -64 - (-9 + -9) - (1 - -51)
-63
Evaluate -28 + -1 + 3 - (-34 + 32 + 6).
-30
What is the value of 28 - (-1 + (9 - ((4 + 10 - 10) + 3)))?
27
What is the value of -29 - (32 + -27 + 2 + -10) - -10?
-16
Calculate 25 - 1 - (-8 - -4 - -9) - 13.
6
Calculate -7 - (4 + 1) - (-67 - (19 + -49)).
25
What is -17 - (51 - 55) - (-1 + 21) - -1?
-32
What is (20 - (-18 + (24 - 7))) + -63 - (11 + 1)?
-54
What is the value of (82 - 41) + (0 - 46)?
-5
What is (92 - 100) + (21 - 1) + -1?
11
What is (72 - 1) + 7 + -3 + (-6 - (-25 + 19))?
75
Evaluate -9 - 1 - (20 - -2 - (8 - -7)).
-17
What is the value of (13 - 31) + 10 + (20 + -60 - -13)?
-35
Evaluate -50 + 37 + 59 + -23.
23
What is the value of 15 + 78 - (5 - ((26 - 35) + -7))?
72
Evaluate 25 + 71 + (-16 - 1) - 21.
58
Evaluate -28 + -3 - (-53 + -16).
38
What is the value of 0 + -95 + (269 - 220)?
-46
Calculate (-1 - -22) + 90 + -37 + -45.
29
What is the value of -34 + 40 + -48 + -2?
-44
What is the value of (0 - (-10 + 0)) + (201 - (189 - -31))?
-9
Evaluate 2 + -32 + (-2 - -4 - 3 - 7) + 5.
-33
-12 + (115 - 48) - (3 - -2 - -5)
45
11 - (-7 - -10) - (-4 + 37 + 8)
-33
Calculate 11 + -7 + 18 - (2 + (8 + -4 - 11)).
27
Calculate 16 + -43 - -52 - 31.
-6
What is 27 - (18 + -3 - -4 - -46)?
-38
What is -53 + ((51 - 49) + -10 + 0 - (36 + -57))?
-40
Calculate -8 + -2 + 5 + -169 + 167 - 7.
-14
7 + (0 - (7 - -8 - 8)) + (121 - 82)
39
What is -52 + 0 + -42 + 37 + (-6 - -1)?
-62
Calculate 6 + 0 - (-2 + 99 - 76).
-15
(1 + 1 + -1 + 11 + -16 - -5) + 9
10
What is 44 - ((-1 - (11 + -17)) + -11 - -7)?
43
Calculate 10 + -1 - (-29 + -33 + 96).
-25
Calculate -3 + -27 + (-18 - (-9 - -6)).
-45
What is -16 - ((9 - -14) + -67 - 2)?
30
Calculate (5 + 0 - 1) + (-28 - 9) + 0 - 10.
-43
What is the value of -8 + (-13 - -13) - (-1 - 5 - (-88 - -83))?
-7
Evaluate -105 - (16 + 21 + -59) - (-19 - -1).
-65
Evaluate 26 + 113 + -131 + -36.
-28
122 + 59 + -160 - (-1 + -4 - (1 - -1))
28
What is the value of 102 + -122 + 223 + -76?
127
What is the value of 27 + 20 + -90 + 37?
-6
26 + 4 + 31 + (-8 - 25) + 16
44
(11 - (26 - -22)) + (22 - 8)
-23
What is the value of (-86 - (-290 - -40)) + -81?
83
What is -59 - 5 - (94 - 66 - 66)?
-26
(2 - -38) + 1712 + -1760
-8
Calculate -4 + 1 - (13 - -1 - (-37 + 64 - 15)).
-5
-59 - 0 - (22652 + -22599)
-112
Calculate 58 + (-7 + (5 - 7 - 0) - 5).
44
Calculate -6 - (23 - (18 - -36)) - 17.
8
Calculate 96 + -12 + (-5 - 7 - -5) + 17 - 11.
83
What is the value of -18 - 83 - -178 - (-7 - -2 - -3 - -1)?
78
55 - (-63 - -130) - 21
-33
What is -6 - (-9 + 9 + 0) - (10 + -13) - 11?
-14
-9 - (644 - 690 - (-39 - 0))
-2
Calculate -4286 + 4389 + (1 - 57).
47
What is 10003 + -9941 - (105 - 1)?
-42
Calculate -45 + 39 + (125 - 93).
26
Calculate (62 - (-3 - 0)) + (6 - -20 - -18) + -31.
78
Evaluate 27 - ((-27 - 33) + 48).
39
Calculate (-355 - -379) + (8 - (2 - 4)) + 3.
37
Calculate 26 - (-12 - (-42 - (-5 + 26))).
-25
What is (-8 - (105 - -2)) + -6 - (-430 + 407)?
-98
(2 - -27) + 0 - (-52 + 100 + -56 + 6)
31
Calculate (44 - (-19 + 49) - 65) + 30.
-21
0 - -2 - (-14 + 25) - 3
-12
6 - 10 - 96 - (-13 - (-11 + 15))
-83
What is the value of 264 + -324 + 44 + (-1 + 1 - 1) + -4?
-21
(-1 - -26 - 21) + (-8 - -5) + -3
-2
Calculate 22 - -1 - (-8 + (16 - -5) - 19).
29
What is the value of 5 - 7 - (-39 + 28 + -14)?
23
What is the value of -95 + 218 + (-94 - 76)?
-47
-1 + (6 + -19 - -20) - 1 - (-1 + -22)
28
What is (-32 - -1 - -37) + -39?
-33
Evaluate -31 + (9 - (-6 + 15)) - -23.
-8
Calculate (-2 - 20) + 47 + -22.
3
Evaluate -126 - (51 - -13 - 122).
-68
Evaluate 217 + -222 + (3 - (-15 + 6)).
7
Calculate 35 + (-53 - -83 - 63).
2
What is 87 + -88 + (0 - 48) - (178 + -156)?
-71
Evaluate 0 + (1 - 3) + -13 + -7007 + 7080.
58
Calculate (-7 - (36 + -29 + 17)) + -10.
-41
What is (9 - ((37 - -11) + -8 - -15)) + -2 + -9?
-57
What is the value of -28 + 27 + (-194 - -262)?
67
-47 + -8 - (-3 - 0) - -4
-48
What is the value of (3 + -4 - (-18 + (-17 - -43))) + 28?
19
Evaluate -2 + -2 - (0 - (-40 + 110)).
66
Evaluate 49 - (-49 + 114) - -46.
30
What is -91 - (-14 - (-3 + 36))?
-44
Evaluate -10 - 9 - (-1 - 105 - (47 + -58)).
76
What is (-66 - -76) + 10 - (11 + 117)?
-108
Evaluate -2 + 8 + -17 + -5.
-16
What is the value of -50 - (58 - (-82 - -175))?
-15
Evaluate 18 + 1 + (-9 + 22 - (-26 + 45)).
13
Evaluate (84 - 2) + (-24 - (-26 + -7)) + -18.
73
Calculate -22 - (-120 - -10) - ((1 - 7) + 17 + -11).
88
90 - 2 - (4387 + -4309)
10
Evaluate 43 + (-395 + 138 - -120).
-94
1 - 15 - 2 - (-302 - -311)
-25
Calculate 107 + -4 + -46 - 58.
-1
Calculate -7774 - -7814 - (-1 - 34).
75
13 - 7 - (-19 - (-7 - (-8 + 21)))
5
What is -17 - (11 + (-7 - 7)) - (-98 - (11 + -12))?
83
What is the value of 12 - -46 - (-14 - (11 - 42))?
41
Evaluate (4 - 0) + (-13 - (-26 + 21)).
-4
What is the value 